ulate p(10).
-411
Let b(y) = -149*y**3 - 40*y**2 - 10*y + 29. What is b(-1)?
148
Let c(f) = -f**2 - 791*f + 35073. Determine c(42).
87
Let o(d) = d**3 + 33*d**2 + 135*d + 16. Determine o(-28).
156
Let t(l) = -49*l**2 + 3142*l - 3498. Calculate t(63).
-33
Let x(m) = 575*m + 593. What is x(-1)?
18
Let y(o) = o**3 - 402*o**2 - 1224*o - 22. Give y(-3).
5
Let s(m) = -m**3 + 117*m**2 - 545*m + 23134. What is s(114)?
-8
Let f(l) = -3165*l - 6616. Give f(-2).
-286
Let k(l) = 149*l**2 + 421*l + 851. Determine k(-2).
605
Let b(i) = -180976*i - 3257565. What is b(-18)?
3
Let t(n) = -19*n**3 - 34*n**2 - 98*n - 210. Determine t(-2).
2
Let t(g) = -g**3 - 175*g**2 + 2397*g - 10280. Give t(-188).
-1444
Let f(p) = 10*p**2 - 1095*p - 2900. Give f(112).
-100
Let n(w) = 13*w**3 + 1363*w**2 - 1597*w - 718. Give n(-106).
24
Let i(x) = -20*x**2 - 1042*x - 13347. Determine i(-30).
-87
Let x(a) = -45105*a**2 - 766784*a - 23. What is x(-17)?
-40
Let v(b) = -2785373*b + 11141486. Calculate v(4).
-6
Let s(t) = -t**2 + 345*t - 20675. Determine s(77).
-39
Let t(q) = -8417*q - 100995. Give t(-12).
9
Let q(z) = -118*z - 20600. What is q(-154)?
-2428
Let n(c) = 2*c**3 - 56*c**2 - 2102*c + 58453. Calculate n(27).
241
Let a(d) = -d**3 - 42*d**2 - 54*d + 940. What is a(-40)?
-100
Let l(f) = -2*f**3 + 15*f**2 + 4643*f - 3835. Determine l(-45).
-145
Let p(h) = -h**3 - 5866*h**2 + 123641*h - 325. Determine p(21).
-31
Let x(a) = a**2 - 438*a + 3955. What is x(10)?
-325
Let o(s) = 10*s**2 + 2083*s - 37616. Give o(-225).
-41
Let g(n) = -56*n**2 + 12393*n - 3646. What is g(221)?
111
Let i(v) = -333245*v + 16. Give i(0).
16
Let w(i) = -i**3 - 92*i**2 + 27*i + 18251. Calculate w(-90).
-379
Let q(y) = -985*y + 65762. Determine q(67).
-233
Let x(s) = -s**2 - 820*s - 9743. What is x(-12)?
-47
Let p(i) = 14862*i - 549888. Calculate p(37).
6
Let v(b) = -8456*b - 101549. Determine v(-12).
-77
Let f(d) = d**3 - 59*d**2 - 694*d + 250. What is f(69)?
-26
Let u(r) = 85*r - 8190. Determine u(89).
-625
Let u(b) = -4*b**3 + 1220*b**2 - 11796*b - 1172. Give u(295).
8
Let i(m) = 781*m + 86. What is i(-3)?
-2257
Let r(u) = 87*u**2 + 1064*u + 27. What is r(-12)?
-213
Let k(r) = -12*r**3 - 53*r**2 - 97*r + 113. What is k(-6)?
1379
Let d(g) = g**3 - 5*g**2 - 1485*g + 21. What is d(41)?
-348
Let p(v) = -880*v + 540. Calculate p(1).
-340
Let v(p) = 358*p - 108108. Determine v(302).
8
Let m(d) = -7449*d - 141574. Calculate m(-19).
-43
Let t(j) = 3337*j**2 - 10*j + 5. Determine t(0).
5
Let j(z) = 333*z**2 + 56942*z - 97. Give j(-171).
74
Let k(r) = 2*r**2 - 3874*r - 11623. Give k(-3).
17
Let x(l) = -l**2 - 17093*l - 136671. What is x(-8)?
9
Let a(y) = 277*y + 15780. Calculate a(-46).
3038
Let u(m) = m**3 + 93*m**2 + 141*m + 4528. Calculate u(-92).
20
Let v(x) = -x**3 - 47*x**2 - 364*x - 960. Give v(-38).
-124
Let h(g) = 1028*g + 39. Give h(0).
39
Let a(v) = 5483*v - 137180. What is a(25)?
-105
Let w(v) = -2*v**3 + 427*v**2 - 1053*v - 456. Determine w(211).
-34
Let p(s) = 2*s**3 + s**2 + 9*s - 174. Calculate p(8).
986
Let o(d) = 2*d**3 + 625*d**2 + 297*d - 4704. Give o(-312).
-24
Let b(m) = 55*m**2 + 739*m - 737. Determine b(1).
57
Let v(c) = -c**3 + 15*c**2 - 4*c - 50. Determine v(11).
390
Let i(q) = q**2 - 190*q + 8615. What is i(58)?
959
Let d(p) = 844512*p - 1689024. Calculate d(2).
0
Let x(d) = 2*d**3 + 96*d**2 + 358*d + 249. Calculate x(-3).
-15
Let p(y) = 2*y**3 + 76*y**2 + 32*y + 349. Determine p(-38).
-867
Let m(f) = -3*f**3 - 136*f**2 + 645*f + 31013. Give m(-45).
-37
Let r(w) = -6672*w - 26863. Give r(-4).
-175
Let v(w) = -w**3 + 208*w**2 - 68*w + 14123. What is v(208)?
-21
Let k(o) = -o**3 + 200*o**2 - 7790*o - 168. Give k(147).
-21
Let b(h) = -3*h**2 + 21282*h + 127768. What is b(-6)?
-32
Let p(f) = -9*f**2 + 1214*f - 3430. Give p(132).
2
Let b(s) = 455*s - 49566. What is b(109)?
29
Let m(s) = -s**2 - 3087*s - 33831. Calculate m(-11).
5
Let s(c) = -8504*c**2 + 306141*c + 146. Give s(36).
38
Let o(n) = -n**2 - 5062*n - 85768. Give o(-17).
-3
Let j(g) = -9*g**2 + 12*g - 182. Determine j(-8).
-854
Let f(b) = 7*b**3 - 241*b**2 + 920*b + 330. Give f(30).
30
Let o(x) = -204*x - 2227. Calculate o(-10).
-187
Let s(r) = 9377*r - 918945. What is s(98)?
1
Let f(x) = 16*x**2 + 1482*x - 512. Determine f(-93).
46
Let z(s) = -4*s**3 + 68*s**2 + 1157*s - 19421. What is z(16)?
115
Let j(t) = -t**3 + 29*t**2 + 14370*t - 403087. What is j(28)?
57
Let h(q) = q**3 - 20*q**2 + 42*q - 115. What is h(21)?
1208
Let f(d) = 136*d + 28042. Determine f(-203).
434
Let x(s) = -s**2 + 8*s + 38768. What is x(-193)?
-25
Let i(p) = -31914*p + 542543. Determine i(17).
5
Let s(y) = 227607*y - 11380335. Give s(50).
15
Let c(r) = 2*r**3 - 10*r**2 - 651*r + 2673. Give c(4).
37
Let n(m) = -528*m + 6206. Determine n(13).
-658
Let s(t) = 10*t**2 - 736*t + 426. Calculate s(73).
-12
Let p(r) = r**3 + 18*r**2 - 6335*r - 125849. Determine p(-20).
51
Let x(u) = -u**3 - 157*u**2 + 35*u + 5505. Calculate x(-157).
10
Let y(a) = 2*a**3 - 10*a**2 + 39*a - 10. Calculate y(7).
459
Let c(d) = -14280*d - 128402. Calculate c(-9).
118
Let o(n) = -67*n**2 + 659*n + 1. What is o(0)?
1
Let a(c) = 2*c**2 + 444*c + 23607. Determine a(-102).
-873
Let r(t) = 1568*t - 53321. Determine r(34).
-9
Let u(m) = 7*m**2 + 1683*m - 3118. Calculate u(-241).
-2154
Let x(a) = 3*a**3 + 27*a**2 + 36*a - 58. What is x(-8)?
-154
Let v(h) = -h**2 + 137*h + 2452. Give v(153).
4
Let j(b) = 274*b**2 - 22455*b - 198. What is j(82)?
868
Let c(b) = -2*b**2 - 114*b + 108. What is c(-58)?
-8
Let f(j) = j**3 + 77*j**2 - 769*j - 73416. Determine f(-74).
-82
Let d(s) = s**3 + 32*s**2 - 968*s - 68. Determine d(19).
-49
Let k(f) = 2*f**3 + 218*f**2 + 5406*f + 2890. What is k(-37)?
4
Let b(k) = 2*k**2 - 33*k - 417. What is b(22)?
-175
Let h(q) = q**3 + 81*q**2 + 835*q + 2258. Calculate h(-6).
-52
Let u(w) = -16*w**2 - 772*w + 383. Determine u(-49).
-205
Let r(u) = 9131*u + 45626. Calculate r(-5).
-29
Let a(t) = -193918*t + 1745251. Calculate a(9).
-11
Let b(m) = 419*m + 15677. What is b(-35)?
1012
Let h(r) = 6*r**3 - 107*r**2 - 3480*r + 62198. Give h(18).
-118
Let l(f) = -3*f**3 + 43*f**2 - 296*f + 3188. Determine l(13).
16
Let p(t) = -2003*t + 218837. Give p(109).
510
Let g(q) = 63*q**3 + 505*q**2 - 757*q - 6127. Calculate g(-8).
-7
Let n(l) = -104058*l - 728427. Determine n(-7).
-21
Let z(g) = 1568*g - 5690. Calculate z(5).
2150
Let m(w) = -11*w**2 + 346*w - 1203. Determine m(4).
5
Let n(i) = -736*i + 8403. Calculate n(12).
-429
Let j(f) = 4*f**3 + 748*f**2 - 4*f - 754. Give j(-187).
-6
Let a(n) = -n**2 - 135*n - 4428. What is a(-81)?
-54
Let b(o) = 17*o**2 - 121*o + 648. What is b(6)?
534
Let z(k) = -k**2 - 22*k + 1059. Calculate z(19).
280
Let w(p) = -p**2 + 592*p + 142753. Determine w(776).
-31
Let q(x) = -x**2 + 74*x + 1973. What is q(103)?
-1014
Let s(l) = -l**3 - 17*l**2 + 45*l + 665. Give s(-16).
-311
Let z(s) = s**3 - 1656*s**2 + 11541*s - 8. Give z(7).
-22
Let s(o) = -683*o**2 + 10212*o - 49. Determine s(15).
-544
Let u(d) = -2*d**3 - 36*d**2 - 137*d + 13. Give u(-12).
-71
Let o(q) = -49*q**2 + 227*q + 397. Determine o(6).
-5
Let w(g) = 2*g**3 + 350*g**2 + 1120*g + 74047. Determine w(-173).
3
Let t(u) = 24348*u + 389567. Calculate t(-16).
-1
Let r(a) = -a**3 - 153040*a + 612231. What is r(4)?
7
Let b(a) = -874*a + 7129. Give b(9).
-737
Let s(q) = -3*q**3 + 108*q**2 - 965*q - 97. Give s(19).
-21
Let x(i) = i**3 - 12*i**2 + 515*i - 5552. What is x(11)?
-8
Let i(x) = 27185*x**3 + 244662*x**2 - 26*x + 6. What is i(-9)?
-3
Let s(l) = 436*l + 377. What is s(-16)?
-6599
Let l(q) = -7*q + 1176. Calculate l(83).
595
Let v(s) = -2135*s + 89723. Determine v(42).
53
Let o(m) = 46*m - 2484. What is o(41)?
-598
Let b(n) = -n**3 + 38*n**2 + 1743*n - 274. What is b(-27)?
50
Let v(n) = -83199*n + 249565. Determine v(3).
-32
Let t(w) = -8484*w + 373282. Determine t(44).
-14
Let s(g) = -g**3 + 54854*g**2 - 603255*g - 193. Calculate s(11).
5
Let g(a) = -21*a**2 - 1135*a - 84. Calculate g(-54).
-30
Let j(t) = -255*t + 19873. Give j(82).
-1037
Let b(l) = -5*l**2 - 132*l - 1148. Give b(-26).
-1096
Let c(o) = -2239*o - 4479. Determine c(-2).
-1
Let o(b) = -b**2 + 90*b + 48602. Give o(270).
2
Let c(g) = -3*g**2 + 989*g + 1219. What is c(332)?
-1105
Let z(h) = h**2 - 12783*h + 13722794. Determine z(1183)